e -h = h - d. List the prime factors of h.
2, 5
Suppose -16 = 4*s, -8*m = -3*m + 4*s - 9. Suppose 0 = -4*a + o + 35, 13 = -2*a + m*o + 44. What are the prime factors of a?
2
Let k(w) = 7*w**3 - w**2 + 3*w - 2. Let p be k(2). Suppose -4*s + p + 36 = 0. Let t = -15 + s. List the prime factors of t.
2
Suppose 8*v = 297 + 647. What are the prime factors of v?
2, 59
Let z(y) = -2*y - 5*y**2 + y**2 - 2 + 1. Let o be z(2). Let u = -11 - o. List the prime factors of u.
2, 5
Suppose 3*j + 80 = 4*b - 1502, 2*b - 782 = -3*j. What are the prime factors of b?
2, 197
Let x(n) = -4*n**2 - n + 1. Let d be (-8)/3 + (-1)/3. Let m(l) = 9*l**2 + 2*l - 1. Let o(y) = d*m(y) - 7*x(y). What are the prime factors of o(-4)?
2
What are the prime factors of (-10)/3*(-1860)/25?
2, 31
Let b = 9 + -15. List the prime factors of (-62)/(-4) + (-3)/b.
2
Let u(m) = 34*m**2 - 2. What are the prime factors of u(1)?
2
Let j be 1/(0 - -1) + 12. Let m = 0 + j. List the prime factors of m.
13
Suppose -2*z = -2*j + 8, 4*j - 12 = z + 7. Let r(b) = 2*b - 6. List the prime factors of r(j).
2
Let u(y) = y**2 + 5*y + 9. List the prime factors of u(-13).
113
Suppose v + 3*g = -19, g = v - 3*g - 16. Let j = v + 8. List the prime factors of j.
2
Let v(f) = -f**2 - 6*f - 1. Let r be v(-5). Suppose 17 = r*o + 1. Suppose 3*l - 4 = -2*n, 2*l = 2*n - 4*n + o. List the prime factors of n.
2
Let k(o) be the second derivative of o**7/420 - o**6/360 + o**5/120 - o**4/6 - o. Let i(c) be the third derivative of k(c). List the prime factors of i(1).
5
Let l(m) = 4*m + 1. Let w be l(-1). Let h = 5 + w. List the prime factors of h.
2
Suppose 0 = -5*l + 16 + 4. Let o = l + -3. What are the prime factors of ((-1)/(-2))/(o/12)?
2, 3
Let l(g) = g**3 - 7*g**2 - 17*g + 1. What are the prime factors of l(9)?
2, 5
List the prime factors of 23*2/((-4)/(-2)).
23
Suppose -4*g - 155 = -9*g - 5*w, 10 = -5*w. List the prime factors of g.
3, 11
Suppose -7*j = -2*j - 105. What are the prime factors of j?
3, 7
Suppose 2*g - 142 + 52 = 0. Suppose -5*p + g = 5*j, j + 3*j + 55 = 3*p. List the prime factors of p.
13
Let k = 127 + -69. List the prime factors of k.
2, 29
Let k = 84 + -46. List the prime factors of k.
2, 19
What are the prime factors of 17 - (0 + (-3 - -5))?
3, 5
Let o(j) = j**2 + 7*j - 2. Let s be o(-7). Let d be (-10)/(1/s + 0). What are the prime factors of 2/(-8) + 45/d?
2
Let x = 27 + -15. Let u be 22/8 - (-3)/x. Suppose -w = -u - 7. List the prime factors of w.
2, 5
What are the prime factors of 43 + (-1 - 2 - -5)?
3, 5
Let i(o) = -o**2 + 4*o + 1. Let b be i(3). Let a be (-2)/6 - (-7)/3. Suppose -2*l - 12 = -b*l - 3*u, -3*l + 44 = -a*u. What are the prime factors of l?
2, 3
Let a be 45/6*(-18)/(-15). Let r = -6 + a. What are the prime factors of r?
3
Suppose -50 = -4*u + 174. Suppose 5*f = 3*f + u. What are the prime factors of f?
2, 7
Let j(r) be the first derivative of r**2 - 6*r - 1. What are the prime factors of j(7)?
2
Suppose 3 = 3*c + 4*q - 1, -4*c + 3*q - 3 = 0. Suppose c = -4*h + 5 + 7. What are the prime factors of h?
3
Let h(v) = -2*v. Let m(z) = -z - 12. Let r be m(-10). Let l be h(r). Suppose -s + l = 0, -6*d + d + 66 = -s. List the prime factors of d.
2, 7
What are the prime factors of (-645)/(-3)*(-1)/(-1)?
5, 43
Let q = 58 - 2. List the prime factors of q.
2, 7
Let z(h) be the first derivative of h**3/3 - h**2/2 + 29*h - 1. What are the prime factors of z(0)?
29
Let d be (1/(-3))/((-6)/162). What are the prime factors of (0 - -1)/(1/d)?
3
Let w(d) = d**2 - 14*d + 10. Let x be w(9). Let b = -10 - x. Suppose -p + b = 7. What are the prime factors of p?
2, 3
Let d be (-4)/8 + (-33)/(-2). Suppose 0 = t + 3*t - d. Suppose t = -0*x + x. List the prime factors of x.
2
Let m(j) = j**3 + 10*j**2 - 6. Let l be m(-10). Let f = l + 8. Suppose 0 = a - 6 - f. What are the prime factors of a?
2
Let v(z) = -z**3 - 5*z**2 - 2*z - 2. Suppose -14 - 6 = 4*q. List the prime factors of v(q).
2
Let v(k) = 5*k + 7. Let t be v(-7). Let m = t + 46. List the prime factors of m.
2, 3
Suppose 198 - 12 = 6*q. List the prime factors of q.
31
Suppose -5*x = 4*k - 3*k - 183, 4*k - 4*x - 756 = 0. Suppose -13 + k = 5*b. List the prime factors of b.
5, 7
Suppose 7*u - 4*u = 0. Suppose -3*z = -u*z - 66. Suppose -5*p + 2*f - 8 = -4*p, p + 4*f - z = 0. What are the prime factors of p?
2
Let q = 60 + 95. Suppose 2*a - q = -3*a. List the prime factors of a.
31
Suppose 4*u - 3*m - 631 = -0*m, 144 = u + 2*m. List the prime factors of u.
2, 7, 11
List the prime factors of 0 - (-2 + 1)*37.
37
Let p = 2 - -1. Suppose 65 = 2*h + p*h. List the prime factors of h.
13
Suppose -5*m + 5 = 2*l, 0 = 2*l + 3*l + 3*m + 16. List the prime factors of 3/l - (-192)/20.
3
Suppose -3*v = 4 - 196. Suppose -6*g = -2*g - v. List the prime factors of g.
2
Suppose 2*z + 5 + 1 = 0, 5*v - 5*z - 155 = 0. Let m = 51 - v. List the prime factors of m.
23
Suppose -39 = 12*m - 15*m. What are the prime factors of m?
13
Suppose 0 = -2*n - h - 4*h - 10, -5*h - 45 = -5*n. List the prime factors of n.
5
Suppose 17*n = 15*n + 406. What are the prime factors of n?
7, 29
Suppose -n + 1 = 3*f, 2*f = -0*f - 6. Let d be -1 + -1 + 2 - -6. List the prime factors of d/4*n/5.
3
Suppose -w - 5*h + 3 = -3*w, -w + 4*h = 3. List the prime factors of ((-481)/26)/(w/(-2)).
37
Suppose -3*l - w = -17, -2*l - 2*w = 2*l - 22. What are the prime factors of l?
2, 3
Suppose k + 2*k - 72 = 0. Let c = -11 + k. Let j = -2 + c. What are the prime factors of j?
11
What are the prime factors of 1 + 0 + 68 + (4 - 4)?
3, 23
Suppose -x = r - 291, 5*r = 5*x + 283 + 1212. List the prime factors of r.
5, 59
Let f = 14 + -27. Suppose -2*l + 2*x = 3*l + 7, -11 = 5*l - x. List the prime factors of f/(-3) + l/9.
2
Suppose 0 = 6*p - 151 - 113. What are the prime factors of p?
2, 11
Suppose 0 = -5*p - 3*n - 1 - 7, -n + 16 = -3*p. Let d(v) = 5*v**2 + 7*v + 5. Let c be d(p). Suppose -7*q + c = -4*q. List the prime factors of q.
19
Suppose 72 = -0*i - 3*i. What are the prime factors of (12/(-2))/(-3) - i?
2, 13
Let j(u) = u**3 + 2*u**2 - 4*u - 1. Let h(a) = a**2 + 8*a + 3. Let b be h(-8). Let r be j(b). Suppose 3*z + z = r. What are the prime factors of z?
2
Let w(l) = -11*l - 23. Let z(r) = 7*r + 15. Let i(u) = 5*w(u) + 8*z(u). List the prime factors of i(7).
2, 3
Let h(t) = -2*t. Let q be h(-2). Suppose 24 = q*n + 4*a, a - 38 = -5*n - 2*a. Suppose n = i + 1. List the prime factors of i.
3
Let g(d) = -d**2 - 5*d + 1. What are the prime factors of g(-4)?
5
Let z = 387 - 221. What are the prime factors of z?
2, 83
Suppose 0 = -2*t + 2*w + 32, -w = 5*t - 37 - 31. Let y = t + -2. List the prime factors of y.
2, 3
Suppose 6*t = t + 5, 247 = 3*r - 2*t. Suppose -5*h + r = -12. List the prime factors of h.
19
Suppose 0 = -3*x + 5*i + 3, 2*x - 4 = -0*x + 4*i. Let c(l) = -l**3 - l**2 + 2*l + 1. Let n be c(x). Suppose 3 = 4*p - n. List the prime factors of p.
11
Suppose -3*q - 2*a = 2*q - 135, -27 = -q + 5*a. Let c = q + -16. What are the prime factors of c?
11
Let n(f) = -f**3 + 11*f**2 + 19. List the prime factors of n(11).
19
Let z(i) = -i**3 - 4*i**2 + 5*i. List the prime factors of z(-6).
2, 3, 7
Let m = 16 - 7. List the prime factors of m.
3
Suppose 3*p = 1 + 5. Let o(u) = 0 + p + u + 0. What are the prime factors of o(6)?
2
Suppose -24*t + 131 = -23*t. What are the prime factors of t?
131
Let a(s) = s**3 - 8*s**2 - 4*s + 11. Let d be a(9). Suppose 0 - d = -4*v. List the prime factors of v.
2, 7
Let d = 26 + -7. What are the prime factors of d?
19
Suppose r = -6 + 9. Let i be (-2)/2 + (-3)/r. List the prime factors of (-10)/(-1) - (i - -2).
2, 5
Suppose r - 8 = 4*x, 2*x = 5*r - 52 - 60. Let h be (-9)/(-2) - 1/2. Suppose 3*p - h*k - r = 0, k - 10 - 7 = -5*p. What are the prime factors of p?
2
List the prime factors of 2*(2 + 0/3).
2
Let r(d) = 41*d**2 + 2*d + 2. List the prime factors of r(-1).
41
Suppose 2*n + 70 = 4*o, -4*n - 32 + 113 = 5*o. Suppose -u - 1 - 1 = 5*y, 5*y = 4*u - o. What are the prime factors of u?
3
Let z(f) = -63*f - 9. What are the prime factors of z(-2)?
3, 13
Let i(f) = -f**2 - 7*f + 3. Let y be i(-7). Let k = 2 - y. Let z = 10 + k. List the prime factors of z.
3
Suppose 0 = -2*i + p + 100, -2*i + 86 + 26 = -4*p. List the prime factors of i.
2, 3
Suppose 12 = -8*g + 10*g. What are the prime